Does 29 divide 5013?
False
Is 3 a factor of 760?
False
Is 24 a factor of 3642?
False
Does 183 divide 1913?
False
Does 13 divide 2696?
False
Is 1456 a multiple of 16?
True
Is 10769 a multiple of 9?
False
Does 16 divide 400?
True
Does 151 divide 63928?
False
Does 86 divide 51674?
False
Is 6403 a multiple of 50?
False
Is 34 a factor of 5710?
False
Does 10 divide 4323?
False
Does 120 divide 9240?
True
Is 12 a factor of 2188?
False
Is 134 a factor of 34895?
False
Is 5030 a multiple of 66?
False
Is 4 a factor of 221?
False
Is 38733 a multiple of 33?
False
Is 14 a factor of 8274?
True
Is 16059 a multiple of 57?
False
Is 86222 a multiple of 7?
False
Does 40 divide 4846?
False
Does 12 divide 511?
False
Does 45 divide 4365?
True
Is 8 a factor of 102?
False
Does 252 divide 45612?
True
Is 1620 a multiple of 90?
True
Is 7 a factor of 623?
True
Does 5 divide 8804?
False
Does 22 divide 2288?
True
Does 2 divide 54?
True
Does 42 divide 1092?
True
Is 3855 a multiple of 30?
False
Does 24 divide 4032?
True
Does 192 divide 12288?
True
Is 58895 a multiple of 24?
False
Is 6023 a multiple of 109?
False
Does 49 divide 256?
False
Does 24 divide 454?
False
Is 14 a factor of 67811?
False
Is 17 a factor of 116756?
True
Is 79616 a multiple of 16?
True
Is 14 a factor of 2101?
False
Is 9 a factor of 35398?
False
Is 570 a multiple of 30?
True
Is 23 a factor of 205?
False
Is 346 a multiple of 5?
False
Is 12 a factor of 15?
False
Does 114 divide 36624?
False
Is 49 a factor of 49?
True
Is 2381 a multiple of 6?
False
Is 2527 a multiple of 13?
False
Does 18 divide 216?
True
Is 232 a factor of 17295?
False
Is 9 a factor of 2205?
True
Is 21634 a multiple of 29?
True
Does 24 divide 66467?
False
Is 52 a factor of 2014?
False
Does 3 divide 793?
False
Is 243 a factor of 669?
False
Does 24 divide 1032?
True
Is 4 a factor of 304?
True
Is 4957 a multiple of 29?
False
Does 22 divide 2866?
False
Is 96952 a multiple of 14?
False
Is 11 a factor of 31139?
False
Is 50 a factor of 750?
True
Is 22 a factor of 62325?
False
Is 345 a multiple of 19?
False
Does 68 divide 136?
True
Is 1280 a multiple of 10?
True
Does 105 divide 8925?
True
Is 33 a factor of 11187?
True
Does 149 divide 49766?
True
Is 12471 a multiple of 11?
False
Does 67 divide 13534?
True
Is 42395 a multiple of 17?
False
Does 40 divide 4880?
True
Is 904 a multiple of 50?
False
Is 10 a factor of 2130?
True
Does 23 divide 21551?
True
Is 1128 a multiple of 47?
True
Does 91 divide 18928?
True
Does 4 divide 1144?
True
Is 23724 a multiple of 14?
False
Does 12 divide 337?
False
Is 2175 a multiple of 25?
True
Is 10 a factor of 6315?
False
Does 8 divide 224?
True
Is 20 a factor of 1349?
False
Is 27 a factor of 2026?
False
Is 34 a factor of 510?
True
Is 216 a multiple of 12?
True
Does 34 divide 721?
False
Is 52 a multiple of 2?
True
Is 38 a factor of 19950?
True
Does 16 divide 2168?
False
Is 6 a factor of 3638?
False
Is 246 a multiple of 31?
False
Is 35 a factor of 1435?
True
Is 57 a factor of 912?
True
Does 109 divide 66886?
False
Does 6 divide 12336?
True
Does 27 divide 4563?
True
Does 9 divide 1905?
False
Is 3321 a multiple of 41?
True
Is 342 a multiple of 19?
True
Does 16 divide 6544?
True
Is 5 a factor of 2635?
True
Is 249 a multiple of 11?
False
Is 18943 a multiple of 43?
False
Does 39 divide 1368?
False
Is 456 a multiple of 5?
False
Is 25981 a multiple of 71?
False
Is 8 a factor of 12295?
False
Does 16 divide 10592?
True
Does 29 divide 580?
True
Does 17 divide 510?
True
Is 53778 a multiple of 6?
True
Is 18870 a multiple of 51?
True
Is 1472 a multiple of 65?
False
Is 102 a factor of 25619?
False
Is 1975 a multiple of 25?
True
Is 27 a factor of 4021?
False
Is 40 a factor of 7040?
True
Does 9 divide 3522?
False
Is 662 a multiple of 7?
False
Is 1323 a multiple of 63?
True
Is 835 a multiple of 3?
False
Is 16 a factor of 1392?
True
Does 10 divide 90?
True
Is 111 a factor of 132063?
False
Is 88 a factor of 70664?
True
Does 2 divide 346?
True
Is 23232 a multiple of 176?
True
Does 17 divide 13974?
True
Is 5856 a multiple of 18?
False
Does 45 divide 20925?
True
Is 9 a factor of 324?
True
Is 36 a factor of 3708?
True
Does 14 divide 35602?
True
Is 87568 a multiple of 208?
True
Is 113 a factor of 12776?
False
Does 4 divide 884?
True
Is 11 a factor of 22495?
True
Is 4780 a multiple of 31?
False
Does 3 divide 145?
False
Is 14 a factor of 6906?
False
Is 554 a multiple of 4?
False
Does 3 divide 293?
False
Does 26 divide 1820?
True
Is 27 a factor of 3510?
True
Is 808 a multiple of 47?
False
Is 1686 a multiple of 18?
False
Does 12 divide 3025?
False
Does 7 divide 17337?
False
Is 103206 a multiple of 334?
True
Is 2864 a multiple of 42?
False
Is 3857 a multiple of 269?
False
Does 15 divide 377?
False
Is 5 a factor of 478?
False
Is 6573 a multiple of 17?
False
Is 28 a factor of 10024?
True
Is 102 a factor of 31518?
True
Is 17 a factor of 6834?
True
Is 33361 a multiple of 73?
True
Is 14515 a multiple of 54?
False
Does 15 divide 286?
False
Is 64 a multiple of 16?
True
Is 1323 a multiple of 28?
False
Is 639 a multiple of 3?
True
Does 46 divide 17388?
True
Does 44 divide 484?
True
Is 4075 a multiple of 11?
False
Does 29 divide 2610?
True
Does 2 divide 139?
False
Is 108740 a multiple of 20?
True
Is 24 a factor of 1152?
True
Is 254 a multiple of 67?
False
Does 3 divide 10665?
True
Is 15688 a multiple of 156?
False
Is 420 a multiple of 14?
True
Does 52 divide 15304?
False
Is 51153 a multiple of 51?
True
Is 1849 a multiple of 9?
False
Is 52 a factor of 2231?
False
Is 67 a factor of 78972?
False
Does 5 divide 205?
True
Is 552 a multiple of 6?
True
Is 32 a factor of 953?
False
Is 1470 a multiple of 20?
False
Is 88 a factor of 1936?
True
Does 34 divide 774?
False
Is 19894 a multiple of 203?
True
Is 1400 a multiple of 35?
True
Is 7486 a multiple of 7?
False
Is 5 a factor of 19975?
True
Is 4 a factor of 54?
False
Is 7137 a multiple of 7?
False
Is 26903 a multiple of 27?
False
Is 169 even?
False
Is 13230 a multiple of 126?
True
Does 24 divide 2592?
True
Does 15 divide 8400?
True
Does 61 divide 8418?
True
Is 2668 a multiple of 25?
False
Is 10948 a multiple of 119?
True
Does 5 divide 2124?
False
Is 21 a factor of 1061?
False
Is 49491 a multiple of 13?
True
Is 5701 a multiple of 20?
False
Does 48 divide 680?
False
Is 28 a factor of 10640?
True
Does 5 divide 1280?
True
Is 129 a factor of 5418?
True
Is 53 a factor of 11232?
False
Is 79 a factor of 1738?
True
Is 4 a factor of 1908?
True
Does 284 divide 38056?
True
Is 15 a factor of 47143?
False
Is 89 a factor of 2403?
True
Is 582 a multiple of 5?
False
Is 15 a factor of 3631?
False
Is 930 a multiple of 30?
True
Does 31 divide 2294?
True
Is 25 a factor of 9378?
False
Is 63544 a multiple of 188?
True
Is 6174 a multiple of 21?
True
Does 2 divide 9155?
False
Is 16 a factor of 508?
False
Does 8 divide 2800?
True
Does 15 divide 94?
False
Is 14852 a multiple of 94?
True
Is 355 a multiple of 5?
True
Is 5 a factor of 11031?
False
Is 20452 a multiple of 104?
False
Does 33 divide 33?
True
Is 7 a factor of 22?
False
Does 19 divide 1151?
False
Is 3533 a multiple of 64?
False
Is 822 a multiple of 137?
True
Does 26 divide 384?
False
Does 11 divide 34309?
True
Is 2054 a multiple of 23?
False
Is 3 a factor of 304?
False
Does 98 divide 1042?
False
Is 72 a multiple of 2?
True
Does 45 divide 592?
False
Is 46135 a multiple of 69?
False
Does 71 divide 12638?
True
Is 416 a multiple of 27?
False
Is 43 a factor of 1333?
True
Is 41 a factor of 5330?
True
Is 25 a factor of 9004?
False
Is 58 a factor of 7888?
True
Does 273 divide 80535?
True
Is 27056 a multiple of 178?
True
Does 27 divide 1161?
True
Is 1656 a multiple of 46?
True
Is 20 a factor of 6420?
True
Does 29 divide 5220?
True
Is 56 a multiple of 2?
True
Is 12409 a multiple of 10?
False
Is 3116 a multiple of 4?
True
Is 74 a factor of 1184?
True
Does 27 divide 199?
False
Is 2346 a multiple of 6?
True
Does 180 divide 9540?
True
Does 9 divide 758?
False
Does 106 divide 59254?
True
Is 89 a factor of 13225?
False
Is 18620 a multiple of 49?
True
Does 29 divide 1877?
False
Is 2655 a multiple of 6?
False
Is 342 a factor of 61902?
True
Is 55 a factor of 42245?
False
Is 6 a factor of 228?
True
Is 165 a factor of 111384?
False
Is 8880 a multiple of 48?
True
Is 5 a factor of 32355?
True
Is 35 a factor of 910